e -75 - (-2 - -7) - n. Let p = h - -186. List the prime factors of p.
3, 37
Let u = 83927 - 55976. What are the prime factors of u?
3, 7, 11
What are the prime factors of (240/180)/(12/3267)?
3, 11
List the prime factors of ((-1863)/(-63))/(102/114716).
2, 3, 23, 241
Let m = 14 + -7. Let q be (m/5)/(6/90). Suppose -78 = -3*g + 2*k - q, k = 3*g - 57. What are the prime factors of g?
19
Let t be (216/32)/(10/160). Suppose -76 = -q + 13. Let r = t - q. List the prime factors of r.
19
Suppose 13*p = 13*p + 9*p - 241515. What are the prime factors of p?
3, 5, 1789
Suppose -5*j - 14 = 136. Let y = 91 - 93. List the prime factors of (-2784)/j + ((-18)/10 - y).
3, 31
Let j(c) = -317*c + 25. List the prime factors of j(-27).
2, 29, 37
Suppose -4*v + 4*c = -108, -3*v + 39 = -2*v - 5*c. Suppose 3*d + 52 = 2*b, -5*b - 2*d + 112 = 20. Let a = v - b. What are the prime factors of a?
2
Let x = 28 + -23. Suppose 126 = x*u - 854. What are the prime factors of u?
2, 7
Let j = 4136 + 5960. What are the prime factors of j?
2, 631
Let b be 187/(1/(-3 + 10)). Let v = b - 784. What are the prime factors of v?
3, 5, 7
Suppose 0 = 4*n + c - 2*c - 109, -4*c = 4*n - 124. Suppose 3*w + 82 = -79*w. Let s = w + n. What are the prime factors of s?
3
Suppose -285*d + 7124916 = -99*d. List the prime factors of d.
2, 107, 179
List the prime factors of (3012/(-16) + 3)/(135/(-4680)).
2, 13, 19
Suppose -6*f = -12*f - 30. Let i(h) be the third derivative of -h**6/120 - h**5/30 - h**4/12 - h**3/2 + 4*h**2. List the prime factors of i(f).
2, 41
Let r(f) = 8*f - 2. Let x(k) = k. Let t(z) = -7*z + 1. Let q(w) = -t(w) - 6*x(w). Let h(j) = -6*q(j) - 2*r(j). List the prime factors of h(-4).
2, 7
Let f be (1 - 54) + 0/(-2). Let x = f + 241. Let t = 311 - x. What are the prime factors of t?
3, 41
Let q(f) = 29950*f**2 - 385*f + 386. List the prime factors of q(1).
61, 491
Suppose 4*k + h + 15730 = 1687, -5*k - 5*h = 17565. Let l be 2 + (-1)/((-5)/k). List the prime factors of (-27)/(-6)*(l/(-3))/5.
2, 3, 5, 7
Let l be (20892/(-10))/(12/40). Let j be (-2)/6 - (-5 - l/(-12)). Suppose -a = 3*t - j, 4*t - 790 = -a + 3*a. List the prime factors of t.
2, 7
Let z(g) = g**3 + g**2 + 2*g. Let b be z(5). Let i = 38 + b. List the prime factors of i.
2, 3, 11
Suppose a = 4*r + 21 + 2, -2*r - 34 = -2*a. Suppose -a - 5 = -4*j. Suppose j*k - 400 = -5*z - 0*z, z - 165 = -2*k. List the prime factors of k.
5, 17
Let u(w) = 43*w**2 - 154*w + 188. List the prime factors of u(23).
11, 41, 43
Suppose 177*c - 5235786 = 5071632. What are the prime factors of c?
2, 11, 2647
Suppose -n - n + 22 = 0. Let w = n + -23. What are the prime factors of 121/2 + -3*(-2)/w?
2, 3, 5
What are the prime factors of 2/(-9) + 221476/(-357)*(-280)/30?
2, 3, 5, 193
Let i(l) = -4983*l - 21. List the prime factors of i(-7).
2, 3, 5, 7, 83
Let c(n) = -n**2 - 31*n - 75. Let p be c(-29). What are the prime factors of -25 - p - (0 - 484)?
2, 7, 17
What are the prime factors of (1720890/192)/(-5)*-4 + (-6)/16?
2, 3, 5, 239
Let c = 99 - 97. Suppose -c*q = -109 - 99. What are the prime factors of q?
2, 13
Let v(y) = 7*y - 140. Let m be v(20). Suppose m = 3*a - 6*a + 5*u + 2797, 3*u + 939 = a. What are the prime factors of a?
2, 3, 7, 11
Let f(z) = -z**3 + 3*z**2 + 2*z - 3. Let d = 30 - 27. Let u be f(d). Suppose u*a - 53 = -4*p, 4*p + 21 - 55 = -2*a. What are the prime factors of a?
19
What are the prime factors of (19 - 17)/(3/4056)?
2, 13
Suppose -4*j - 1680 + 7300 = -54088. List the prime factors of j.
11, 23, 59
Let h(t) = 4*t**2 + 15 + 14 + 6 - 39*t + 2*t. List the prime factors of h(10).
5, 13
Let x be (-9)/15 + (-74)/10. Let c = 15 + x. Let k(i) = -i**2 + 17*i - 30. What are the prime factors of k(c)?
2, 5
Suppose -4*o + 8*o + 12*o - 168704 = 0. What are the prime factors of o?
2, 659
Let p = 35386 + -21466. List the prime factors of p.
2, 3, 5, 29
Let w(l) = -617*l - 48. Let y be w(-5). Suppose 4*k - y = -m, 4*m - 5 = -m. What are the prime factors of k?
3, 11, 23
Let b(s) = -55*s**2 + 10*s + 19. Let w(x) = -28*x**2 + 5*x + 10. Let g(m) = -4*b(m) + 7*w(m). What are the prime factors of g(-2)?
2, 5
Suppose 0 = 3*c - 3*n - 159, 0 = -3*c + 5*n - 11 + 172. Suppose -t + c = -5*l + 271, 2*l = -2*t + 78. What are the prime factors of l?
43
Let p(f) = -15*f + 17. Let m(u) be the third derivative of -u**4/8 - 5*u**3/6 + 12*u**2. Let j be m(0). List the prime factors of p(j).
2, 23
Let k = 18090 + 27754. What are the prime factors of k?
2, 73, 157
Let q(i) = 5*i - 24. Let v = 34 + -23. Let r be q(v). Suppose -3*f - 4*b = -187, 2*f - 112 - r = b. List the prime factors of f.
3, 23
Suppose 3*n + r - 3608 = 1487, 5*n + 2*r = 8493. Suppose -317 = 10*z - n. What are the prime factors of z?
2, 3, 23
Suppose 113*b = -167*b + 1286320. What are the prime factors of b?
2, 2297
Suppose -20*l + 5974 = -10026. Let z = l - 542. List the prime factors of z.
2, 3, 43
Suppose -6 = -3*h, 3*v - 3228 = -42*h + 39*h. What are the prime factors of v?
2, 3, 179
Let t(f) = -f**3 + 3*f**2 + 7*f + 4. Let z be t(-11). Suppose -5*w + 173 = -507. Suppose -z = -9*n - w. List the prime factors of n.
3, 5, 11
Let s(p) = 198*p**2 + 137*p + 208. What are the prime factors of s(-17)?
3, 18367
Let c be 0 + (-1 - -1060 - -6). Suppose 5*q - c = -185. List the prime factors of q.
2, 11
Suppose -5*x - 3*g = -202, -4*g + 23 = 2*x - 69. Suppose 54*a - x = 53*a. Let p = 197 - a. What are the prime factors of p?
3, 53
Suppose 15 = -5*w, 4*m - 534 = m - 5*w. Let i = -114 + m. What are the prime factors of (1*6)/(9/i)?
2, 23
Let q = 12 + 3. Suppose -2622 = -q*m + 393. What are the prime factors of m?
3, 67
Suppose -7377 = -7*f + 13707. Suppose -28*a + f = -22*a. What are the prime factors of a?
2, 251
Let n be ((-4)/2)/(27/54). Let k(j) = 21*j**2 + 20*j - 6. What are the prime factors of k(n)?
2, 5
Let a be (2/4)/((-20)/18920). Let n = a - -293. Let g = n - -347. List the prime factors of g.
167
Suppose 5330 = 5*i + r, 3*i - 5*r - 1066 = 2*i. List the prime factors of i.
2, 13, 41
Let b = 1869 - -6473. Suppose 3*j + 8604 = 5*u + 261, -b = -5*u + 2*j. List the prime factors of u.
2, 3, 139
Suppose -5*n + 2*h + 51421 = 9869, 8304 = n - 2*h. List the prime factors of n.
2, 1039
Suppose -2*y - 2*y = -100. Suppose -4*r = r + y. Let h(g) = -4*g - 1. What are the prime factors of h(r)?
19
Let o = 14877 + -5203. List the prime factors of o.
2, 7, 691
Let y be 2/(4/(-12) - (-2)/24). What are the prime factors of 6176/y*-1 + 4?
2, 97
Suppose 2*f = p - 3675, -21*p + 7345 = -19*p - 3*f. List the prime factors of p.
5, 733
Suppose -14*t + 11*t = 5*s - 7, 5*t = -5. What are the prime factors of s/5 + (-36258)/(-30)?
3, 13, 31
Suppose 4*l - 13 - 7 = 0. Suppose -6*f + 54 = -l*f. What are the prime factors of (-30)/(-105) + f/7?
2
Let r be (-2 - (-3 + -18))*2. Suppose -102 = -8*m - r. List the prime factors of ((-1)/1*-37)/(4/m).
2, 37
Suppose 3*g - 24797 = i, 230*g + 33058 = 234*g + i. List the prime factors of g.
3, 5, 19, 29
Suppose 215*a - 505981 = 3294574. List the prime factors of a.
11, 1607
Let j(u) = 57*u**2 - 14*u + 51. What are the prime factors of j(-11)?
2, 53, 67
Suppose 22*q + 519943 = 1505411. What are the prime factors of q?
2, 22397
Let g(f) = f**3 - 16*f**2 - 18*f + 52. Let h = -409 - -427. List the prime factors of g(h).
2, 47
Let y(g) = -g**3 - 35*g**2 + 27*g - 115. What are the prime factors of y(-38)?
3191
Suppose 0 = -u - 187 - 30. Let k = 317 + u. Suppose 4*y = -r + 106, -y - 3*y + 2*r = -k. What are the prime factors of y?
2, 13
Suppose -5*h = -h - 174016 - 181588. List the prime factors of h.
19, 4679
Let q(c) = 820*c - 4296. What are the prime factors of q(73)?
2, 29, 479
Suppose -g - 2*g + 28989 = 3*p, -g + 9653 = -p. List the prime factors of g.
2, 11, 439
List the prime factors of (-126)/5*(-52030)/363.
2, 3, 7, 43
Let r = -220 + 227. Suppose -1522 = -4*g + 3*n, -5*n + r*n + 1141 = 3*g. What are the prime factors of g?
379
Suppose -6338 = 38*h - 17586. List the prime factors of h.
2, 37
Let n(t) be the third derivative of 43*t**4/12 + 13*t**3/6 + 16*t**2. Let s be n(7). Suppose 20*a - 15*a - s = 0. What are the prime factors of a?
3, 41
Let v be (-16)/96 + 50/12. What are the prime factors of (1 + -5)/(-5 + v)?
2
Suppose 61*f - 66*f + 142725 = 0. What are the prime fac